{"id":131,"date":"2026-06-17T12:48:17","date_gmt":"2026-06-17T12:48:17","guid":{"rendered":"https:\/\/fleischerei-martin.tuomi.eu\/?page_id=131"},"modified":"2026-07-07T12:22:25","modified_gmt":"2026-07-07T12:22:25","slug":"qulitatsmeister","status":"publish","type":"page","link":"https:\/\/fleischerei-martin.tuomi.eu\/?page_id=131","title":{"rendered":"Qulit\u00e4tsmeister"},"content":{"rendered":"\n<div class=\"wp-block-group has-global-padding is-layout-constrained wp-container-core-group-is-layout-8744b7d7 wp-block-group-is-layout-constrained\" style=\"margin-top:0;margin-bottom:0;padding-right:var(--wp--preset--spacing--60);padding-left:var(--wp--preset--spacing--60)\">\n<div class=\"wp-block-media-text is-stacked-on-mobile\" style=\"margin-right:0;margin-left:0;padding-top:var(--wp--preset--spacing--40);padding-right:0;padding-bottom:var(--wp--preset--spacing--40);padding-left:0\"><figure class=\"wp-block-media-text__media\"><img loading=\"lazy\" decoding=\"async\" width=\"1000\" height=\"800\" src=\"https:\/\/fleischerei-martin.tuomi.eu\/wp-content\/uploads\/2026\/05\/Unser_Fleisch_Grafik-1.png\" alt=\"\" class=\"wp-image-126 size-full\" srcset=\"https:\/\/fleischerei-martin.tuomi.eu\/wp-content\/uploads\/2026\/05\/Unser_Fleisch_Grafik-1.png 1000w, https:\/\/fleischerei-martin.tuomi.eu\/wp-content\/uploads\/2026\/05\/Unser_Fleisch_Grafik-1-300x240.png 300w, https:\/\/fleischerei-martin.tuomi.eu\/wp-content\/uploads\/2026\/05\/Unser_Fleisch_Grafik-1-768x614.png 768w\" sizes=\"auto, (max-width: 1000px) 100vw, 1000px\" \/><\/figure><div class=\"wp-block-media-text__content\">\n<h1 class=\"wp-block-heading has-text-align-left\">Qualit\u00e4tsmeister 2011<\/h1>\n\n\n\n<h4 class=\"wp-block-heading\">HWK Trier<\/h4>\n\n\n\n<p class=\"wp-block-paragraph\">Die Trierer Fleischerei Martin ist f\u00fcr den Kammerbezirk der Handwerkskammer (HWK) Trier zum &#8222;Qualit\u00e4tsmeister des rheinland-pf\u00e4lzischen Handwerks 2011&#8220; gek\u00fcrt worden.&nbsp;<\/p>\n<\/div><\/div>\n<\/div>\n\n\n\n<hr class=\"wp-block-separator has-alpha-channel-opacity is-style-wide is-style-wide--1\"\/>\n\n\n\n<div class=\"wp-block-group has-custom-green-background-color has-background has-global-padding is-content-justification-center is-layout-constrained wp-container-core-group-is-layout-4652d008 wp-block-group-is-layout-constrained\" style=\"margin-top:0;margin-bottom:0\">\n<div style=\"height:62px\" aria-hidden=\"true\" class=\"wp-block-spacer\"><\/div>\n\n\n\n<h2 class=\"wp-block-heading has-custom-light-color has-text-color has-link-color wp-elements-fc5d8537cf225cc4a8f9124f94968c59\">Morgen MEister!<\/h2>\n\n\n\n<p class=\"has-base-2-color has-text-color has-link-color wp-elements-53461594e7dd08053e8d6c794fbf6810 wp-block-paragraph\">Die zum dritten Mal im Rahmen der Kampagne &#8222;Morgen Meister!&#8220; vergebene Auszeichnung \u00fcberreichten Wirtschaftsministerin Eveline Lemke und der Pr\u00e4sident der Handwerkskammer Trier, Rudi M\u00fcller. Aus dem Wettbewerb gingen landesweit insgesamt vier Sieger hervor. Mit der Ernennung haben die Preistr\u00e4ger das Recht erworben, als einziger Betrieb in ihrem Kammerbezirk den Titel &#8222;Qualit\u00e4tsmeister des rheinland-pf\u00e4lzischen Handwerks 2011&#8220; zu f\u00fchren und damit zu werben.<br>&nbsp;<\/p>\n\n\n\n<p class=\"has-base-2-color has-text-color has-link-color wp-elements-dd6c20b258e5c5eb7070f0cb26df1d23 wp-block-paragraph\">Zudem wurden 15 Anerkennungen an rheinland-pf\u00e4lzische Handwerksbetriebe vergeben. Aus der Region Trier erhielten vier Handwerksbetriebe einen solchen Zuspruch der Jury: Meikowe Elektrotechnik (Fleringen), Oster Zimmerei und Bedachung (Bernkastel-Kues), Seitz Stahl- und Metallgestaltung (Speicher) und B\u00e4ckerei Winfried Schmitz (Daleiden). Ausrichter des Wettbewerbs sind die Partner der Morgen-Meister-Kampagne, der Arbeitsgemeinschaft der Handwerkskammern Rheinland-Pfalz, dem Wirtschaftsministerium sowie der Investitions- und Strukturbank Rheinland-Pfalz (ISB).<\/p>\n\n\n\n<div style=\"height:51px\" aria-hidden=\"true\" class=\"wp-block-spacer\"><\/div>\n\n\n\n<h4 class=\"wp-block-heading has-custom-beige-color has-text-color has-link-color wp-elements-b53e5b8ad3f5a80f6759a77659b541e0\">Kundenzufriedenheit &amp; Qualit\u00e4tstandards<\/h4>\n\n\n\n<p class=\"has-base-2-color has-text-color has-link-color wp-elements-b28b93c4a0a51276e564dad64af19c43 wp-block-paragraph\">Ein entscheidendes Kriterium bei der Ausscheidung war die Kundenzufriedenheit. Die Fleischerei Martin zeichnet sich durch eine hervorragende Servicequalit\u00e4t, eine ausgezeichnete Ausf\u00fchrungsqualit\u00e4t und nicht zuletzt eine vorbildliche Qualit\u00e4t des Fleisches aus, das durch seine regionale Herkunft auch Nachhaltigkeitskriterien entspricht. Hierf\u00fcr verlieh die Jury den Titel \u201eQualit\u00e4tsmeister 2011&#8243;.<br>&nbsp;<\/p>\n\n\n\n<p class=\"has-base-2-color has-text-color has-link-color wp-elements-d901d68fbfb690015da2ff6fc607281a wp-block-paragraph\">Gro\u00dfen Wert legt Fleischermeister Kai Leonhardt auf die regionale Herkunft seiner Produkte: \u201eDurch unsere Philosophie leben wir einen engen und fairen Umgang mit unseren Lieferanten. Wir kaufen regional und leisten dadurch einen nachvollziehbaren Beitrag zum Tierschutz. Dies ist uns wichtig, genau wie die artgerechte Haltung und F\u00fctterung&#8220;, so der 40-j\u00e4hrige Unternehmer. Auf diese Weise k\u00f6nne er hervorragende Qualit\u00e4t garantieren. Auch in der Personalf\u00fchrung ist die Fleischerei vorbildlich: Die 24 Mitarbeiter werden regelm\u00e4\u00dfig kaufm\u00e4nnisch und fachlich geschult. Zentral ist hier die Ern\u00e4hrungsberatung. So k\u00f6nnen die Bed\u00fcrfnisse und Ern\u00e4hrungsgewohnheiten der Kunden ber\u00fccksichtigt werden. Die Mitarbeiterinnen und Mitarbeiter werden zudem im Bereich der Hygiene laufend geschult.<br>&nbsp;<\/p>\n\n\n\n<p class=\"has-base-2-color has-text-color has-link-color wp-elements-979241e2d35ad0df2ea9d9a8e446f45d wp-block-paragraph\">Die Qualit\u00e4t der Produkte wurde bereits vielfach ausgezeichnet, etwa beim Internationalen Wurstwettbewerb in Frankfurt, bei der Wurstqualit\u00e4tspr\u00fcfung durch den Fleischerverband Nordrhein-Westfalen oder bei der S\u00fcddeutschen Fleischerfachmesse (S\u00dcFFA) in Stuttgart. Leonhardt, der vor elf Jahren die 1897 gegr\u00fcndete Fleischerei Martin \u00fcbernommen hat, engagiert sich zudem ehrenamtlich als Vorsitzender des Vereines \u201eForum junges Handwerk e.V.&#8220; der Region Trier.<\/p>\n\n\n\n<p class=\"has-custom-caramel-color has-text-color has-link-color wp-elements-2fea20f56610856c508aef8bfd3a285a wp-block-paragraph\"><a href=\"http:\/\/www.besser-mit-meister.de\/fleischereimartin.html\" target=\"_blank\" rel=\"noreferrer noopener\">QUELLE: BESSER MIT MEISTER.DE<\/a><\/p>\n\n\n\n<p class=\"has-custom-caramel-color has-text-color has-link-color wp-elements-9aebf36c3d86c24f886c59e3c2584418 wp-block-paragraph\"><a href=\"https:\/\/www.junghandwerk-trier.de\/\" target=\"_blank\" rel=\"noreferrer noopener\">FORUM JUNGES HANDWERK<\/a><\/p>\n\n\n\n<div style=\"height:82px\" aria-hidden=\"true\" class=\"wp-block-spacer\"><\/div>\n<\/div>\n\n\n\n<hr class=\"wp-block-separator has-alpha-channel-opacity is-style-wide is-style-wide--2\"\/>\n\n\n\n<div class=\"wp-block-group has-global-padding is-content-justification-center is-layout-constrained wp-container-core-group-is-layout-4652d008 wp-block-group-is-layout-constrained\" style=\"margin-top:0;margin-bottom:0\">\n<div style=\"height:62px\" aria-hidden=\"true\" class=\"wp-block-spacer\"><\/div>\n\n\n\n<h2 class=\"wp-block-heading\">Auszeichnungen<\/h2>\n\n\n\n<h6 class=\"wp-block-heading has-custom-maroon-color has-text-color has-link-color wp-elements-f32951222d2122e7b7893367e9c473cc\">2003<\/h6>\n\n\n\n<p class=\"has-contrast-color has-text-color has-link-color wp-elements-7b79e6337a28696486d988fbeb4c31df wp-block-paragraph\">Deutsche Fleischwurstmeisterschaft\/ und Wurstpr\u00fcfung des Fleischerverbandes Nordrhein Westfalen<br>Fleischwurstpokal<br>Gold: Landschinken Eifler Art<\/p>\n\n\n\n<h6 class=\"wp-block-heading has-custom-maroon-color has-text-color has-link-color wp-elements-728cefeea02d1e44feaa0fbb6673f2df\">2004<\/h6>\n\n\n\n<p class=\"wp-block-paragraph\">Internationaler Wurstwettbewerb in Frankfurt am Main im Rahmen der internationalen Fachmesse unter Federf\u00fchrung des Deutschen Fleischerverbandes.<br>Gold: Corned Beef<br>Gold: Rohesser<br>Gold: Fleischwurst<br>Gold: Grillw\u00fcrstchen mit Kr\u00e4utern und B\u00e4rlauch<br>Silber: Kalbsleberwurst<br>Silber: Luxemburger Salami<br>Silber: K\u00fcmmelringe gebr\u00fcht<br>Bronze: Burgunderschinken vom Schwein<br>Bronze: Gutsleberwurst<\/p>\n\n\n\n<h6 class=\"wp-block-heading has-custom-maroon-color has-text-color has-link-color wp-elements-2f71abb3d05aac367be087c17fed5751\">2005<\/h6>\n\n\n\n<p class=\"wp-block-paragraph\">Offener Bundeswettbewerb \/ Wurstqualit\u00e4tspr\u00fcfung in D\u00fcsseldorf NRW Fleischerverband:<br>Fleischwurstpokal- gro\u00dfer Ehrenpreis!<br>Gold: G\u00f6ttinger Bierwurst<br>Gold: Salami mit Schalotten<br>Gold: R\u00f6mersalami<br>Silber: Herzhafter K\u00fcmmelschinken<\/p>\n\n\n\n<h6 class=\"wp-block-heading has-custom-maroon-color has-text-color has-link-color wp-elements-be806db971610af5af5f6c2ae69a8e91\">2006<\/h6>\n\n\n\n<p class=\"wp-block-paragraph\">Goldmedaille der CMA<\/p>\n\n\n\n<p class=\"wp-block-paragraph\">G\u00fctezeichen f\u00fcr Handwerkliche Meisterqualit\u00e4t<\/p>\n\n\n\n<h6 class=\"wp-block-heading has-custom-maroon-color has-text-color has-link-color wp-elements-e799e062a549c7c979ebff086cffbb2f\">2007<\/h6>\n\n\n\n<p class=\"wp-block-paragraph\">Qualit\u00e4tspr\u00fcfung der Fleischerinnung&nbsp;<br>Gold: Wiener W\u00fcrstchen<br>Gold: Katenrauchsalami<br>Gold: Kaiserjagdwurst<\/p>\n\n\n\n<p class=\"wp-block-paragraph\">CMA Goldmedaille: Landschinken Eifeler Art<br>CMA Goldmedaille: Fleischwurst im Ring<\/p>\n\n\n\n<p class=\"wp-block-paragraph\">G\u00fctezeichen f\u00fcr Handwerkliche Meisterqualit\u00e4t<\/p>\n\n\n\n<h6 class=\"wp-block-heading has-custom-maroon-color has-text-color has-link-color wp-elements-c5958edbdb7ba135237c0e5fef1cb9fb\">2011<\/h6>\n\n\n\n<p class=\"wp-block-paragraph\">HWK-Qualit\u00e4tsmeister<\/p>\n\n\n\n<div style=\"height:51px\" aria-hidden=\"true\" class=\"wp-block-spacer\"><\/div>\n<\/div>\n","protected":false},"excerpt":{"rendered":"<p>Qualit\u00e4tsmeister 2011 HWK Trier Die Trierer Fleischerei Martin ist f\u00fcr den Kammerbezirk der Handwerkskammer (HWK) Trier zum &#8222;Qualit\u00e4tsmeister des rheinland-pf\u00e4lzischen Handwerks 2011&#8220; gek\u00fcrt worden.&nbsp; Morgen MEister! Die zum dritten Mal im Rahmen der Kampagne &#8222;Morgen Meister!&#8220; vergebene Auszeichnung \u00fcberreichten Wirtschaftsministerin Eveline Lemke und der Pr\u00e4sident der Handwerkskammer Trier, Rudi M\u00fcller. Aus dem Wettbewerb gingen landesweit [&hellip;]<\/p>\n","protected":false},"author":1,"featured_media":0,"parent":0,"menu_order":0,"comment_status":"closed","ping_status":"closed","template":"page-no-title","meta":{"_acf_changed":false,"footnotes":""},"class_list":["post-131","page","type-page","status-publish","hentry"],"acf":[],"_links":{"self":[{"href":"https:\/\/fleischerei-martin.tuomi.eu\/index.php?rest_route=\/wp\/v2\/pages\/131","targetHints":{"allow":["GET"]}}],"collection":[{"href":"https:\/\/fleischerei-martin.tuomi.eu\/index.php?rest_route=\/wp\/v2\/pages"}],"about":[{"href":"https:\/\/fleischerei-martin.tuomi.eu\/index.php?rest_route=\/wp\/v2\/types\/page"}],"author":[{"embeddable":true,"href":"https:\/\/fleischerei-martin.tuomi.eu\/index.php?rest_route=\/wp\/v2\/users\/1"}],"replies":[{"embeddable":true,"href":"https:\/\/fleischerei-martin.tuomi.eu\/index.php?rest_route=%2Fwp%2Fv2%2Fcomments&post=131"}],"version-history":[{"count":7,"href":"https:\/\/fleischerei-martin.tuomi.eu\/index.php?rest_route=\/wp\/v2\/pages\/131\/revisions"}],"predecessor-version":[{"id":370,"href":"https:\/\/fleischerei-martin.tuomi.eu\/index.php?rest_route=\/wp\/v2\/pages\/131\/revisions\/370"}],"wp:attachment":[{"href":"https:\/\/fleischerei-martin.tuomi.eu\/index.php?rest_route=%2Fwp%2Fv2%2Fmedia&parent=131"}],"curies":[{"name":"wp","href":"https:\/\/api.w.org\/{rel}","templated":true}]}}

Qulitätsmeister

<div class="wp-block-group has-global-padding is-layout-constrained wp-container-core-group-is-layout-8744b7d7 wp-block-group-is-layout-constrained" style="margin-top:0;margin-bottom:0;padding-right:var(--wp--preset--spacing--60);padding-left:var(--wp--preset--spacing--60)">
<div class="wp-block-media-text is-stacked-on-mobile" style="margin-right:0;margin-left:0;padding-top:var(--wp--preset--spacing--40);padding-right:0;padding-bottom:var(--wp--preset--spacing--40);padding-left:0"><figure class="wp-block-media-text__media"><img loading="lazy" decoding="async" width="1000" height="800" src="https://fleischerei-martin.tuomi.eu/wp-content/uploads/2026/05/Unser_Fleisch_Grafik-1.png" alt="" class="wp-image-126 size-full" srcset="https://fleischerei-martin.tuomi.eu/wp-content/uploads/2026/05/Unser_Fleisch_Grafik-1.png 1000w, https://fleischerei-martin.tuomi.eu/wp-content/uploads/2026/05/Unser_Fleisch_Grafik-1-300x240.png 300w, https://fleischerei-martin.tuomi.eu/wp-content/uploads/2026/05/Unser_Fleisch_Grafik-1-768x614.png 768w" sizes="auto, (max-width: 1000px) 100vw, 1000px" /></figure><div class="wp-block-media-text__content">
<h1 class="wp-block-heading has-text-align-left">Qualitätsmeister 2011</h1>



<h4 class="wp-block-heading">HWK Trier</h4>



<p class="wp-block-paragraph">Die Trierer Fleischerei Martin ist für den Kammerbezirk der Handwerkskammer (HWK) Trier zum &#8222;Qualitätsmeister des rheinland-pfälzischen Handwerks 2011&#8220; gekürt worden.&nbsp;</p>
</div></div>
</div>



<hr class="wp-block-separator has-alpha-channel-opacity is-style-wide is-style-wide--1"/>



<div class="wp-block-group has-custom-green-background-color has-background has-global-padding is-content-justification-center is-layout-constrained wp-container-core-group-is-layout-4652d008 wp-block-group-is-layout-constrained" style="margin-top:0;margin-bottom:0">
<div style="height:62px" aria-hidden="true" class="wp-block-spacer"></div>



<h2 class="wp-block-heading has-custom-light-color has-text-color has-link-color wp-elements-fc5d8537cf225cc4a8f9124f94968c59">Morgen MEister!</h2>



<p class="has-base-2-color has-text-color has-link-color wp-elements-53461594e7dd08053e8d6c794fbf6810 wp-block-paragraph">Die zum dritten Mal im Rahmen der Kampagne &#8222;Morgen Meister!&#8220; vergebene Auszeichnung überreichten Wirtschaftsministerin Eveline Lemke und der Präsident der Handwerkskammer Trier, Rudi Müller. Aus dem Wettbewerb gingen landesweit insgesamt vier Sieger hervor. Mit der Ernennung haben die Preisträger das Recht erworben, als einziger Betrieb in ihrem Kammerbezirk den Titel &#8222;Qualitätsmeister des rheinland-pfälzischen Handwerks 2011&#8220; zu führen und damit zu werben.<br>&nbsp;</p>



<p class="has-base-2-color has-text-color has-link-color wp-elements-dd6c20b258e5c5eb7070f0cb26df1d23 wp-block-paragraph">Zudem wurden 15 Anerkennungen an rheinland-pfälzische Handwerksbetriebe vergeben. Aus der Region Trier erhielten vier Handwerksbetriebe einen solchen Zuspruch der Jury: Meikowe Elektrotechnik (Fleringen), Oster Zimmerei und Bedachung (Bernkastel-Kues), Seitz Stahl- und Metallgestaltung (Speicher) und Bäckerei Winfried Schmitz (Daleiden). Ausrichter des Wettbewerbs sind die Partner der Morgen-Meister-Kampagne, der Arbeitsgemeinschaft der Handwerkskammern Rheinland-Pfalz, dem Wirtschaftsministerium sowie der Investitions- und Strukturbank Rheinland-Pfalz (ISB).</p>



<div style="height:51px" aria-hidden="true" class="wp-block-spacer"></div>



<h4 class="wp-block-heading has-custom-beige-color has-text-color has-link-color wp-elements-b53e5b8ad3f5a80f6759a77659b541e0">Kundenzufriedenheit &amp; Qualitätstandards</h4>



<p class="has-base-2-color has-text-color has-link-color wp-elements-b28b93c4a0a51276e564dad64af19c43 wp-block-paragraph">Ein entscheidendes Kriterium bei der Ausscheidung war die Kundenzufriedenheit. Die Fleischerei Martin zeichnet sich durch eine hervorragende Servicequalität, eine ausgezeichnete Ausführungsqualität und nicht zuletzt eine vorbildliche Qualität des Fleisches aus, das durch seine regionale Herkunft auch Nachhaltigkeitskriterien entspricht. Hierfür verlieh die Jury den Titel „Qualitätsmeister 2011&#8243;.<br>&nbsp;</p>



<p class="has-base-2-color has-text-color has-link-color wp-elements-d901d68fbfb690015da2ff6fc607281a wp-block-paragraph">Großen Wert legt Fleischermeister Kai Leonhardt auf die regionale Herkunft seiner Produkte: „Durch unsere Philosophie leben wir einen engen und fairen Umgang mit unseren Lieferanten. Wir kaufen regional und leisten dadurch einen nachvollziehbaren Beitrag zum Tierschutz. Dies ist uns wichtig, genau wie die artgerechte Haltung und Fütterung&#8220;, so der 40-jährige Unternehmer. Auf diese Weise könne er hervorragende Qualität garantieren. Auch in der Personalführung ist die Fleischerei vorbildlich: Die 24 Mitarbeiter werden regelmäßig kaufmännisch und fachlich geschult. Zentral ist hier die Ernährungsberatung. So können die Bedürfnisse und Ernährungsgewohnheiten der Kunden berücksichtigt werden. Die Mitarbeiterinnen und Mitarbeiter werden zudem im Bereich der Hygiene laufend geschult.<br>&nbsp;</p>



<p class="has-base-2-color has-text-color has-link-color wp-elements-979241e2d35ad0df2ea9d9a8e446f45d wp-block-paragraph">Die Qualität der Produkte wurde bereits vielfach ausgezeichnet, etwa beim Internationalen Wurstwettbewerb in Frankfurt, bei der Wurstqualitätsprüfung durch den Fleischerverband Nordrhein-Westfalen oder bei der Süddeutschen Fleischerfachmesse (SÜFFA) in Stuttgart. Leonhardt, der vor elf Jahren die 1897 gegründete Fleischerei Martin übernommen hat, engagiert sich zudem ehrenamtlich als Vorsitzender des Vereines „Forum junges Handwerk e.V.&#8220; der Region Trier.</p>



<p class="has-custom-caramel-color has-text-color has-link-color wp-elements-2fea20f56610856c508aef8bfd3a285a wp-block-paragraph"><a href="http://www.besser-mit-meister.de/fleischereimartin.html" target="_blank" rel="noreferrer noopener">QUELLE: BESSER MIT MEISTER.DE</a></p>



<p class="has-custom-caramel-color has-text-color has-link-color wp-elements-9aebf36c3d86c24f886c59e3c2584418 wp-block-paragraph"><a href="https://www.junghandwerk-trier.de/" target="_blank" rel="noreferrer noopener">FORUM JUNGES HANDWERK</a></p>



<div style="height:82px" aria-hidden="true" class="wp-block-spacer"></div>
</div>



<hr class="wp-block-separator has-alpha-channel-opacity is-style-wide is-style-wide--2"/>



<div class="wp-block-group has-global-padding is-content-justification-center is-layout-constrained wp-container-core-group-is-layout-4652d008 wp-block-group-is-layout-constrained" style="margin-top:0;margin-bottom:0">
<div style="height:62px" aria-hidden="true" class="wp-block-spacer"></div>



<h2 class="wp-block-heading">Auszeichnungen</h2>



<h6 class="wp-block-heading has-custom-maroon-color has-text-color has-link-color wp-elements-f32951222d2122e7b7893367e9c473cc">2003</h6>



<p class="has-contrast-color has-text-color has-link-color wp-elements-7b79e6337a28696486d988fbeb4c31df wp-block-paragraph">Deutsche Fleischwurstmeisterschaft/ und Wurstprüfung des Fleischerverbandes Nordrhein Westfalen<br>Fleischwurstpokal<br>Gold: Landschinken Eifler Art</p>



<h6 class="wp-block-heading has-custom-maroon-color has-text-color has-link-color wp-elements-728cefeea02d1e44feaa0fbb6673f2df">2004</h6>



<p class="wp-block-paragraph">Internationaler Wurstwettbewerb in Frankfurt am Main im Rahmen der internationalen Fachmesse unter Federführung des Deutschen Fleischerverbandes.<br>Gold: Corned Beef<br>Gold: Rohesser<br>Gold: Fleischwurst<br>Gold: Grillwürstchen mit Kräutern und Bärlauch<br>Silber: Kalbsleberwurst<br>Silber: Luxemburger Salami<br>Silber: Kümmelringe gebrüht<br>Bronze: Burgunderschinken vom Schwein<br>Bronze: Gutsleberwurst</p>



<h6 class="wp-block-heading has-custom-maroon-color has-text-color has-link-color wp-elements-2f71abb3d05aac367be087c17fed5751">2005</h6>



<p class="wp-block-paragraph">Offener Bundeswettbewerb / Wurstqualitätsprüfung in Düsseldorf NRW Fleischerverband:<br>Fleischwurstpokal- großer Ehrenpreis!<br>Gold: Göttinger Bierwurst<br>Gold: Salami mit Schalotten<br>Gold: Römersalami<br>Silber: Herzhafter Kümmelschinken</p>



<h6 class="wp-block-heading has-custom-maroon-color has-text-color has-link-color wp-elements-be806db971610af5af5f6c2ae69a8e91">2006</h6>



<p class="wp-block-paragraph">Goldmedaille der CMA</p>



<p class="wp-block-paragraph">Gütezeichen für Handwerkliche Meisterqualität</p>



<h6 class="wp-block-heading has-custom-maroon-color has-text-color has-link-color wp-elements-e799e062a549c7c979ebff086cffbb2f">2007</h6>



<p class="wp-block-paragraph">Qualitätsprüfung der Fleischerinnung&nbsp;<br>Gold: Wiener Würstchen<br>Gold: Katenrauchsalami<br>Gold: Kaiserjagdwurst</p>



<p class="wp-block-paragraph">CMA Goldmedaille: Landschinken Eifeler Art<br>CMA Goldmedaille: Fleischwurst im Ring</p>



<p class="wp-block-paragraph">Gütezeichen für Handwerkliche Meisterqualität</p>



<h6 class="wp-block-heading has-custom-maroon-color has-text-color has-link-color wp-elements-c5958edbdb7ba135237c0e5fef1cb9fb">2011</h6>



<p class="wp-block-paragraph">HWK-Qualitätsmeister</p>



<div style="height:51px" aria-hidden="true" class="wp-block-spacer"></div>
</div>

<p>Qualitätsmeister 2011 HWK Trier Die Trierer Fleischerei Martin ist für den Kammerbezirk der Handwerkskammer (HWK) Trier zum &#8222;Qualitätsmeister des rheinland-pfälzischen Handwerks 2011&#8220; gekürt worden.&nbsp; Morgen MEister! Die zum dritten Mal im Rahmen der Kampagne &#8222;Morgen Meister!&#8220; vergebene Auszeichnung überreichten Wirtschaftsministerin Eveline Lemke und der Präsident der Handwerkskammer Trier, Rudi Müller. Aus dem Wettbewerb gingen landesweit [&hellip;]</p>
