{"id":155,"date":"2026-06-17T12:44:50","date_gmt":"2026-06-17T12:44:50","guid":{"rendered":"https:\/\/fleischerei-martin.tuomi.eu\/?page_id=155"},"modified":"2026-08-11T15:17:27","modified_gmt":"2026-08-11T15:17:27","slug":"catering","status":"publish","type":"page","link":"https:\/\/fleischerei-martin.tuomi.eu\/?page_id=155","title":{"rendered":"Catering"},"content":{"rendered":"\n<div class=\"wp-block-media-text is-stacked-on-mobile\" style=\"padding-right:var(--wp--preset--spacing--60);padding-left:var(--wp--preset--spacing--60)\"><figure class=\"wp-block-media-text__media\"><img loading=\"lazy\" decoding=\"async\" width=\"1000\" height=\"800\" src=\"https:\/\/fleischerei-martin.tuomi.eu\/wp-content\/uploads\/2026\/06\/Catering_Grafik.png\" alt=\"\" class=\"wp-image-209 size-full\" srcset=\"https:\/\/fleischerei-martin.tuomi.eu\/wp-content\/uploads\/2026\/06\/Catering_Grafik.png 1000w, https:\/\/fleischerei-martin.tuomi.eu\/wp-content\/uploads\/2026\/06\/Catering_Grafik-300x240.png 300w, https:\/\/fleischerei-martin.tuomi.eu\/wp-content\/uploads\/2026\/06\/Catering_Grafik-768x614.png 768w\" sizes=\"auto, (max-width: 1000px) 100vw, 1000px\" \/><\/figure><div class=\"wp-block-media-text__content\">\n<h1 class=\"wp-block-heading\">Catering von der Fleischerei Martin<\/h1>\n\n\n\n<h4 class=\"wp-block-heading\">Gutes aus unserer K\u00fcche f\u00fcr Ihre Feier<\/h4>\n\n\n\n<p class=\"wp-block-paragraph\">Ob Familienfeier, Geburtstag, Firmenfeier, Jubil\u00e4um oder ein gem\u00fctliches Fest mit Freunden \u2013 mit unserem Catering m\u00f6chten wir dazu beitragen, dass Sie sich um eine Sache weniger k\u00fcmmern m\u00fcssen: gutes Essen f\u00fcr Ihre G\u00e4ste. <\/p>\n\n\n\n<p class=\"wp-block-paragraph\">Bei der Fleischerei Martin stehen handwerkliche Qualit\u00e4t, frische Zubereitung und gute Produkte im Mittelpunkt. Viele unserer Spezialit\u00e4ten entstehen direkt in unserem eigenen Betrieb \u2013 mit der Erfahrung und dem Qualit\u00e4tsanspruch unseres Fleischerhandwerks.<\/p>\n<\/div><\/div>\n\n\n\n<div style=\"height:59px\" aria-hidden=\"true\" class=\"wp-block-spacer\"><\/div>\n\n\n\n<hr class=\"wp-block-separator has-alpha-channel-opacity is-style-wide is-style-wide--1\"\/>\n\n\n\n<div class=\"wp-block-group has-custom-green-background-color has-background has-global-padding is-content-justification-center is-layout-constrained wp-container-core-group-is-layout-4652d008 wp-block-group-is-layout-constrained\" style=\"margin-top:0;margin-bottom:0\">\n<div style=\"height:100px\" aria-hidden=\"true\" class=\"wp-block-spacer\"><\/div>\n\n\n\n<h2 class=\"wp-block-heading has-custom-light-color has-text-color has-link-color wp-elements-86a4015cc81fc0625410dba1901dfcda\">Sie feiern \u2013 wir k\u00fcmmern uns ums Essen<\/h2>\n\n\n\n<p class=\"has-base-2-color has-text-color has-link-color wp-elements-ac2d60b0543f951524b3831e55dad0eb wp-block-paragraph\">Unser Catering bereiten wir frisch f\u00fcr Sie vor und stellen es Ihnen grunds\u00e4tzlich <strong>w\u00e4hrend unserer regul\u00e4ren Gesch\u00e4fts- und Laden\u00f6ffnungszeiten zur Abholung<\/strong> bereit. <\/p>\n\n\n\n<p class=\"has-base-2-color has-text-color has-link-color wp-elements-26a787904a6baa471cfb3bb81d1bb6b0 wp-block-paragraph\">Ihre Feier muss sich deshalb nat\u00fcrlich nicht nach unseren \u00d6ffnungszeiten richten. Mit unseren <strong>Thermo- und K\u00e4lteboxen<\/strong> k\u00f6nnen warme und gek\u00fchlte Speisen bei Ihnen zu Hause oder am Veranstaltungsort <strong>bis zu 6 Stunden entsprechend warm bzw. gek\u00fchlt gehalten werden.<\/strong><\/p>\n\n\n\n<p class=\"has-base-2-color has-text-color has-link-color wp-elements-64586f75d1071d6ea1eee873961ac000 wp-block-paragraph\">So k\u00f6nnen Sie Ihr Catering beispielsweise bereits am Nachmittag bei uns abholen und Ihre G\u00e4ste erst einige Stunden sp\u00e4ter bewirten.<\/p>\n\n\n\n<p class=\"wp-block-paragraph\"><\/p>\n\n\n\n<h4 class=\"wp-block-heading has-custom-light-color has-text-color has-link-color wp-elements-073ce18b5b0db071a403b65c6933e357\">Lieferung? Gerne nach Absprache!<\/h4>\n\n\n\n<p class=\"has-base-2-color has-text-color has-link-color wp-elements-0132c1d584d939f3906d4d78f5fdf87f wp-block-paragraph\">Sie m\u00f6chten Ihr Catering lieber geliefert bekommen? <\/p>\n\n\n\n<p class=\"has-base-2-color has-text-color has-link-color wp-elements-dc2690a5034589261a5a8943e14714f0 wp-block-paragraph\">Eine Lieferung ist nach vorheriger Absprache und Verf\u00fcgbarkeit unseres Lieferfahrzeuges und unserer Fahrer m\u00f6glich.<br>Da wir die Lieferm\u00f6glichkeiten individuell mit unserem t\u00e4glichen Betriebsablauf abstimmen, empfehlen wir Ihnen, diesen Wunsch m\u00f6glichst fr\u00fchzeitig bei Ihrer Anfrage anzugeben.<\/p>\n\n\n\n<div style=\"height:104px\" aria-hidden=\"true\" class=\"wp-block-spacer\"><\/div>\n<\/div>\n\n\n\n<hr class=\"wp-block-separator has-alpha-channel-opacity is-style-wide is-style-wide--2\"\/>\n\n\n\n<div class=\"wp-block-group has-global-padding is-content-justification-center is-layout-constrained wp-container-core-group-is-layout-4652d008 wp-block-group-is-layout-constrained\" style=\"margin-top:0;margin-bottom:0\">\n<div style=\"height:91px\" aria-hidden=\"true\" class=\"wp-block-spacer\"><\/div>\n\n\n\n<h2 class=\"wp-block-heading\">Pers\u00f6nliche Beratung statt Catering von der Stange<\/h2>\n\n\n\n<p class=\"wp-block-paragraph\">Keine Feier ist wie die andere. Deshalb beraten wir Sie lieber pers\u00f6nlich, anstatt Ihnen einfach einStandardpaket anzubieten. <\/p>\n\n\n\n<p class=\"wp-block-paragraph\">F\u00fcr <strong>genaue Informationen zu unseren Catering-Angeboten, Speisen, Mengen und M\u00f6glichkeiten<\/strong> kontaktieren Sie uns bitte telefonisch oder per E-Mail.<\/p>\n\n\n\n<div style=\"height:41px\" aria-hidden=\"true\" class=\"wp-block-spacer\"><\/div>\n\n\n\n<h4 class=\"wp-block-heading\">Ihre pers\u00f6nliche Ansprechpartnerin:<\/h4>\n\n\n\n<p class=\"wp-block-paragraph\"><strong>Frau Grit Leonhardt \u2013 Chefin der Fleischerei Martin<\/strong><br>Telefon: <a href=\"tel:065125686\">0651 &#8211; 25686<\/a><br>E-Mail: <a href=\"mailto:info@fleischerei-martin.de\">info@fleischerei-martin.de<\/a><br><br>Bei einer Anfrage per E-Mail bitten wir Sie, <strong>immer eine R\u00fcckrufnummer anzugeben<\/strong>. So k\u00f6nnen wir Ihre W\u00fcnsche und die Einzelheiten Ihrer Veranstaltung schnell und unkompliziert pers\u00f6nlich besprechen. <\/p>\n\n\n\n<div style=\"height:41px\" aria-hidden=\"true\" class=\"wp-block-spacer\"><\/div>\n\n\n\n<h4 class=\"wp-block-heading\">Regional. Handwerklich. Pers\u00f6nlich.<\/h4>\n\n\n\n<p class=\"wp-block-paragraph\">Wir m\u00f6chten, dass unser Catering genauso f\u00fcr uns steht wie unsere Fleischerei: gute Produkte, <strong>ehrliches Handwerk, zuverl\u00e4ssige Vorbereitung und pers\u00f6nlicher Kontakt zu unseren Kunden.<\/strong><\/p>\n\n\n\n<p class=\"wp-block-paragraph\"><br>Sie k\u00fcmmern sich um Ihre G\u00e4ste \u2013 <strong>wir k\u00fcmmern uns um den guten Geschmack.<\/strong><\/p>\n\n\n\n<h5 class=\"wp-block-heading\"><br>Wir freuen uns auf Ihre Feier!<br>Ihre Fleischerei Martin<\/h5>\n\n\n\n<div style=\"height:100px\" aria-hidden=\"true\" class=\"wp-block-spacer\"><\/div>\n<\/div>\n","protected":false},"excerpt":{"rendered":"<p>Catering von der Fleischerei Martin Gutes aus unserer K\u00fcche f\u00fcr Ihre Feier Ob Familienfeier, Geburtstag, Firmenfeier, Jubil\u00e4um oder ein gem\u00fctliches Fest mit Freunden \u2013 mit unserem Catering m\u00f6chten wir dazu beitragen, dass Sie sich um eine Sache weniger k\u00fcmmern m\u00fcssen: gutes Essen f\u00fcr Ihre G\u00e4ste. Bei der Fleischerei Martin stehen handwerkliche Qualit\u00e4t, frische Zubereitung und [&hellip;]<\/p>\n","protected":false},"author":1,"featured_media":0,"parent":0,"menu_order":0,"comment_status":"closed","ping_status":"closed","template":"page-no-title","meta":{"_acf_changed":false,"footnotes":""},"class_list":["post-155","page","type-page","status-publish","hentry"],"acf":[],"_links":{"self":[{"href":"https:\/\/fleischerei-martin.tuomi.eu\/index.php?rest_route=\/wp\/v2\/pages\/155","targetHints":{"allow":["GET"]}}],"collection":[{"href":"https:\/\/fleischerei-martin.tuomi.eu\/index.php?rest_route=\/wp\/v2\/pages"}],"about":[{"href":"https:\/\/fleischerei-martin.tuomi.eu\/index.php?rest_route=\/wp\/v2\/types\/page"}],"author":[{"embeddable":true,"href":"https:\/\/fleischerei-martin.tuomi.eu\/index.php?rest_route=\/wp\/v2\/users\/1"}],"replies":[{"embeddable":true,"href":"https:\/\/fleischerei-martin.tuomi.eu\/index.php?rest_route=%2Fwp%2Fv2%2Fcomments&post=155"}],"version-history":[{"count":8,"href":"https:\/\/fleischerei-martin.tuomi.eu\/index.php?rest_route=\/wp\/v2\/pages\/155\/revisions"}],"predecessor-version":[{"id":603,"href":"https:\/\/fleischerei-martin.tuomi.eu\/index.php?rest_route=\/wp\/v2\/pages\/155\/revisions\/603"}],"wp:attachment":[{"href":"https:\/\/fleischerei-martin.tuomi.eu\/index.php?rest_route=%2Fwp%2Fv2%2Fmedia&parent=155"}],"curies":[{"name":"wp","href":"https:\/\/api.w.org\/{rel}","templated":true}]}}

<div class="wp-block-media-text is-stacked-on-mobile" style="padding-right:var(--wp--preset--spacing--60);padding-left:var(--wp--preset--spacing--60)"><figure class="wp-block-media-text__media"><img loading="lazy" decoding="async" width="1000" height="800" src="https://fleischerei-martin.tuomi.eu/wp-content/uploads/2026/06/Catering_Grafik.png" alt="" class="wp-image-209 size-full" srcset="https://fleischerei-martin.tuomi.eu/wp-content/uploads/2026/06/Catering_Grafik.png 1000w, https://fleischerei-martin.tuomi.eu/wp-content/uploads/2026/06/Catering_Grafik-300x240.png 300w, https://fleischerei-martin.tuomi.eu/wp-content/uploads/2026/06/Catering_Grafik-768x614.png 768w" sizes="auto, (max-width: 1000px) 100vw, 1000px" /></figure><div class="wp-block-media-text__content">
<h1 class="wp-block-heading">Catering von der Fleischerei Martin</h1>



<h4 class="wp-block-heading">Gutes aus unserer Küche für Ihre Feier</h4>



<p class="wp-block-paragraph">Ob Familienfeier, Geburtstag, Firmenfeier, Jubiläum oder ein gemütliches Fest mit Freunden – mit unserem Catering möchten wir dazu beitragen, dass Sie sich um eine Sache weniger kümmern müssen: gutes Essen für Ihre Gäste. </p>



<p class="wp-block-paragraph">Bei der Fleischerei Martin stehen handwerkliche Qualität, frische Zubereitung und gute Produkte im Mittelpunkt. Viele unserer Spezialitäten entstehen direkt in unserem eigenen Betrieb – mit der Erfahrung und dem Qualitätsanspruch unseres Fleischerhandwerks.</p>
</div></div>



<div style="height:59px" aria-hidden="true" class="wp-block-spacer"></div>



<hr class="wp-block-separator has-alpha-channel-opacity is-style-wide is-style-wide--1"/>



<div class="wp-block-group has-custom-green-background-color has-background has-global-padding is-content-justification-center is-layout-constrained wp-container-core-group-is-layout-4652d008 wp-block-group-is-layout-constrained" style="margin-top:0;margin-bottom:0">
<div style="height:100px" aria-hidden="true" class="wp-block-spacer"></div>



<h2 class="wp-block-heading has-custom-light-color has-text-color has-link-color wp-elements-86a4015cc81fc0625410dba1901dfcda">Sie feiern – wir kümmern uns ums Essen</h2>



<p class="has-base-2-color has-text-color has-link-color wp-elements-ac2d60b0543f951524b3831e55dad0eb wp-block-paragraph">Unser Catering bereiten wir frisch für Sie vor und stellen es Ihnen grundsätzlich <strong>während unserer regulären Geschäfts- und Ladenöffnungszeiten zur Abholung</strong> bereit. </p>



<p class="has-base-2-color has-text-color has-link-color wp-elements-26a787904a6baa471cfb3bb81d1bb6b0 wp-block-paragraph">Ihre Feier muss sich deshalb natürlich nicht nach unseren Öffnungszeiten richten. Mit unseren <strong>Thermo- und Kälteboxen</strong> können warme und gekühlte Speisen bei Ihnen zu Hause oder am Veranstaltungsort <strong>bis zu 6 Stunden entsprechend warm bzw. gekühlt gehalten werden.</strong></p>



<p class="has-base-2-color has-text-color has-link-color wp-elements-64586f75d1071d6ea1eee873961ac000 wp-block-paragraph">So können Sie Ihr Catering beispielsweise bereits am Nachmittag bei uns abholen und Ihre Gäste erst einige Stunden später bewirten.</p>



<p class="wp-block-paragraph"></p>



<h4 class="wp-block-heading has-custom-light-color has-text-color has-link-color wp-elements-073ce18b5b0db071a403b65c6933e357">Lieferung? Gerne nach Absprache!</h4>



<p class="has-base-2-color has-text-color has-link-color wp-elements-0132c1d584d939f3906d4d78f5fdf87f wp-block-paragraph">Sie möchten Ihr Catering lieber geliefert bekommen? </p>



<p class="has-base-2-color has-text-color has-link-color wp-elements-dc2690a5034589261a5a8943e14714f0 wp-block-paragraph">Eine Lieferung ist nach vorheriger Absprache und Verfügbarkeit unseres Lieferfahrzeuges und unserer Fahrer möglich.<br>Da wir die Liefermöglichkeiten individuell mit unserem täglichen Betriebsablauf abstimmen, empfehlen wir Ihnen, diesen Wunsch möglichst frühzeitig bei Ihrer Anfrage anzugeben.</p>



<div style="height:104px" aria-hidden="true" class="wp-block-spacer"></div>
</div>



<hr class="wp-block-separator has-alpha-channel-opacity is-style-wide is-style-wide--2"/>



<div class="wp-block-group has-global-padding is-content-justification-center is-layout-constrained wp-container-core-group-is-layout-4652d008 wp-block-group-is-layout-constrained" style="margin-top:0;margin-bottom:0">
<div style="height:91px" aria-hidden="true" class="wp-block-spacer"></div>



<h2 class="wp-block-heading">Persönliche Beratung statt Catering von der Stange</h2>



<p class="wp-block-paragraph">Keine Feier ist wie die andere. Deshalb beraten wir Sie lieber persönlich, anstatt Ihnen einfach einStandardpaket anzubieten. </p>



<p class="wp-block-paragraph">Für <strong>genaue Informationen zu unseren Catering-Angeboten, Speisen, Mengen und Möglichkeiten</strong> kontaktieren Sie uns bitte telefonisch oder per E-Mail.</p>



<div style="height:41px" aria-hidden="true" class="wp-block-spacer"></div>



<h4 class="wp-block-heading">Ihre persönliche Ansprechpartnerin:</h4>



<p class="wp-block-paragraph"><strong>Frau Grit Leonhardt – Chefin der Fleischerei Martin</strong><br>Telefon: <a href="tel:065125686">0651 &#8211; 25686</a><br>E-Mail: <a href="mailto:info@fleischerei-martin.de">info@fleischerei-martin.de</a><br><br>Bei einer Anfrage per E-Mail bitten wir Sie, <strong>immer eine Rückrufnummer anzugeben</strong>. So können wir Ihre Wünsche und die Einzelheiten Ihrer Veranstaltung schnell und unkompliziert persönlich besprechen. </p>



<div style="height:41px" aria-hidden="true" class="wp-block-spacer"></div>



<h4 class="wp-block-heading">Regional. Handwerklich. Persönlich.</h4>



<p class="wp-block-paragraph">Wir möchten, dass unser Catering genauso für uns steht wie unsere Fleischerei: gute Produkte, <strong>ehrliches Handwerk, zuverlässige Vorbereitung und persönlicher Kontakt zu unseren Kunden.</strong></p>



<p class="wp-block-paragraph"><br>Sie kümmern sich um Ihre Gäste – <strong>wir kümmern uns um den guten Geschmack.</strong></p>



<h5 class="wp-block-heading"><br>Wir freuen uns auf Ihre Feier!<br>Ihre Fleischerei Martin</h5>



<div style="height:100px" aria-hidden="true" class="wp-block-spacer"></div>
</div>

<p>Catering von der Fleischerei Martin Gutes aus unserer Küche für Ihre Feier Ob Familienfeier, Geburtstag, Firmenfeier, Jubiläum oder ein gemütliches Fest mit Freunden – mit unserem Catering möchten wir dazu beitragen, dass Sie sich um eine Sache weniger kümmern müssen: gutes Essen für Ihre Gäste. Bei der Fleischerei Martin stehen handwerkliche Qualität, frische Zubereitung und [&hellip;]</p>
